m) = -m**3 - 8*m**2 - 3*m + 28. Let z be k(-7). Suppose x*v - 5*d - 9 - 61 = z, 2*d - 32 = -4*v. Is v prime?
False
Let g(a) = -a. Let z be g(-5). Let m = -1 + z. Suppose 0 = -m*o + q + 297, -o - o + 4*q + 152 = 0. Is o composite?
True
Suppose -11*y + 8*y + 81417 = 0. Is y a prime number?
False
Let q(i) = -4*i - 5. Let g be q(-4). Suppose 31 = -2*u + 2*a + g, -u - 14 = -2*a. Is 121/(3/u*-2) prime?
False
Suppose -59076 = -4*n + 2*a, -4*a - 44309 = -3*n - 2*a. Is n a prime number?
True
Suppose 7*d - 21570 = 15943. Is d prime?
False
Let y(s) = 3*s - 22. Let f be y(17). Suppose f*b - 25*b = 2212. Is b a composite number?
True
Is ((-138855)/(-20))/((-8)/(-32)) a composite number?
True
Let s be (-946)/(-6) - (-6)/(-9). Let r(d) = -d**2 - 10*d + 8. Let a be r(6). Let i = s + a. Is i a composite number?
True
Let v be 2/(2 - 4)*89. Is (-2)/(-10)*v*(1 + -6) composite?
False
Suppose 63 = -7*x + 4*x. Let p = -23 - x. Is p*(-1 + 418/(-4)) prime?
True
Suppose -9*v + 90315 = -11844. Is v prime?
True
Let b(a) be the first derivative of a**3/3 - 3*a**2/2 - 8. Let p be b(-10). Suppose -4*j = -1886 + p. Is j a prime number?
True
Let k(n) = -3*n + 11. Let z be k(4). Let p(o) = -146*o - 3. Is p(z) a prime number?
False
Suppose 1462 = 4*d - 7086. Is d composite?
False
Suppose 3*d - 8966 = -3626. Suppose -3*t = t - d. Is t a prime number?
False
Is 62787*(-4)/(-42)*(-146 - -153) prime?
False
Suppose 375 = 4*m - h, -4*m - 4*h + 360 = -0*h. Suppose 2*u + 1 = m. Suppose u = 2*d - d. Is d prime?
False
Let m(k) = -10*k**3 - 2*k**2 + 8*k - 9. Let w be m(4). Let h be (-12)/48 - w/4. Let f = h - 105. Is f composite?
True
Suppose 8 = -23*j + 27*j. Suppose g = -j*p + 380, 6*g - 11*g = 5*p - 945. Is p composite?
False
Suppose 0 = -2*c - b + 1036, b + 1166 = 3*c - 383. Is c a composite number?
True
Let h(i) = 469*i - 12. Suppose -5*v - 5 = -40. Is h(v) a prime number?
True
Let o(f) = 15*f**2 - 5*f - 7. Suppose 2 = -2*s - 5*c, 3*s + 42 = s + 5*c. Let i = -18 - s. Is o(i) composite?
True
Suppose -10*o = -42*o + 412448. Is o a prime number?
True
Suppose -3*i - 63 = -4*i. Let w(x) = -x**2 - 11*x + 7. Let m be w(-5). Let k = i - m. Is k composite?
True
Suppose -2 = 5*z + i, -5*i = 3*z + z - 11. Is (3*89)/(z + 2) a composite number?
True
Let s(r) = 3515*r - 293. Is s(2) prime?
True
Suppose 18260 = 5*j + 5*w, 2*j + w - 4204 = 3095. Is j prime?
False
Suppose 39*n = 41*n - 5158. Is n a composite number?
False
Let q be (-1)/3 + 6969/9. Suppose 4*x + 2*c - 1002 = 0, 0*c = 3*x - 3*c - q. Is x a prime number?
False
Let v be 8/(-24) - 124*(-13)/(-6). Let i = v + 988. Is i a composite number?
False
Is ((-67544)/(-12))/((-14)/(-21)) composite?
False
Suppose -11 = -2*j - d, -5*j - 16 + 46 = 3*d. Suppose -4*c + 3 = -j*c. Suppose p - c*p = -318. Is p a prime number?
False
Let r = 9467 + -1258. Is r a prime number?
True
Let m(r) = 9769*r**2 - 2. Is m(-1) a prime number?
True
Let s be (-2)/8 + 598/(-8). Let q be ((-3)/(-3))/((-3)/s). Let h = -16 + q. Is h a prime number?
False
Let l(j) = -7 + 8*j - 3 - 7 + 0. Is l(7) a prime number?
False
Let x be 14/4 + 2/(-4). Suppose 0 = -x*f + 4*y + 887, 521 + 909 = 5*f + 3*y. Is f a composite number?
True
Let a = 475 + 480. Is a prime?
False
Let j be -3 - -1*(6 - -1). Suppose -417 = -5*d - t, -j*d - 6 = -3*t - 332. Is d a composite number?
False
Let m(z) = -103*z**3 - z**2 + z + 1. Let k be m(-1). Is 4 + k*7 - -1 composite?
False
Let w(j) be the second derivative of -4*j + 0 + 8*j**3 + 1/2*j**2. Is w(3) composite?
True
Let z = 5966 + 5107. Is z prime?
False
Suppose -d - 88 + 19 = 0. Let m = -24 - d. Let x = m - 26. Is x composite?
False
Suppose 5*a = 2*o + 15, 2*a = -o + 3 + 3. Let p be a*(2 - (2 + -1)). Suppose 4*h - i - 206 = 0, -4*h + i - p*i + 200 = 0. Is h composite?
True
Let c(f) = f**3 - 13*f**2 - 13*f - 14. Let o be c(14). Suppose 708 = h - 5*j, o = -3*h - 5*j + 641 + 1503. Is h prime?
False
Suppose -5*g - 4*t - 14 = 0, -5*g - 3 = -6*g + 5*t. Let v(w) = 171*w**2 - 5*w - 5. Is v(g) a composite number?
True
Let w(j) = 863*j**2 - 13*j - 49. Is w(-4) prime?
False
Suppose -2*c - 8 = 4*r, 2*c + r = -0*c + 4. Suppose -3726 = -2*t - 0*t - c*n, -n = 5*t - 9333. Is t a prime number?
True
Suppose 1670 + 1669 = -3*b. Let x = -634 - b. Is x prime?
True
Let d be 4 - (-2398 - 2)*1. Let s = d + -1685. Is s prime?
True
Suppose -4*f + 5*f = -7. Let z(d) = d**2 + 6*d - 6. Let a be z(f). Is (-55 + -2)/(-2 - a) a composite number?
False
Let f(m) = 8*m + 5. Let n be f(-5). Let i = 37 + n. Suppose 0*s = -u + 3*s + 1178, -4*s + 2326 = i*u. Is u a prime number?
False
Let b(t) = 712*t + 2. Let r be b(2). Suppose 60*l + r = 62*l. Is l a prime number?
False
Suppose -22*o + 19526 = 4*o. Is o a prime number?
True
Let h(q) = -q**2 + 10*q - 21. Let k be h(4). Suppose -3429 = -k*i - 2*u, i + 2*u - 586 = 561. Is i prime?
False
Let c(q) = 2616*q**2 - 20*q - 5. Is c(-2) composite?
False
Suppose 2*n = 4*i + 42, 2*n + 2*i - 12 = 6. Suppose -n*c + 15336 = 2375. Is c prime?
True
Is ((-3544)/(-20))/(2/95) a composite number?
True
Suppose 0*s + 5*s - 5865 = -r, 0 = -5*s - 5*r + 5865. Suppose -6*l + 3795 = s. Is l prime?
False
Let h be 2/8 + (-66)/(-24). Suppose -h*p - 3*b = 2*b - 40, -5*p = 5*b - 70. Suppose 5*d + 141 = q - 147, 3*d + p = 0. Is q prime?
True
Is 3023 - -2 - (-8 + (-4 - -18)) a prime number?
True
Suppose -w + 3 = -1. Suppose -6*o + 2952 = -w*o. Suppose 3*d = -2*h + 979, 4*h - h - 3*d - o = 0. Is h composite?
False
Suppose -5*z + 3*f = -7*z + 4210, -4*f - 8380 = -4*z. Is z composite?
False
Suppose -4*z = -5*x - 10909 + 2280, -5*x + 15 = 0. Is z a prime number?
True
Let f be 8/(-36) - (-148)/18. Suppose 5*a = -y - f, 0*y - 5*y = 4*a + 103. Let c = y - -33. Is c prime?
False
Let m = -259 + 4586. Is m prime?
True
Is -279*(-2718)/21 - (-6)/14 a prime number?
False
Suppose 0 = 4*i - 526 - 2558. Is i a prime number?
False
Let o(w) = -w + 13. Let c be o(11). Suppose c = 2*n - 2. Is (-2)/(n/(-191))*1 a composite number?
False
Let k = -2398 - -1343. Let f = 1917 - -499. Let v = f + k. Is v prime?
True
Suppose 162401 = 32*m - 134975. Is m a prime number?
True
Let c = -55 - -49. Is (-2658)/(-12) - c/4 prime?
True
Let z(f) = -20 + 184*f + 13 + 6. Is z(8) a composite number?
False
Let q be (4 - 31/3)*-3. Let w = q + -16. Suppose 2*t - 1465 = -w*t. Is t prime?
True
Suppose -1 = -a + 39. Suppose 5*s - a = s. Is (1 - -6)/(2/s) a composite number?
True
Let a(o) = o**3 + o**2 - 2*o + 29. Let f be a(0). Let h = f - 23. Let j(x) = 68*x + 1. Is j(h) a composite number?
False
Let x(o) = 2*o**2 - 52*o + 3. Let n be x(26). Let i(f) = 12*f**2 - 7*f + 8. Let v be i(6). Suppose -k = -n*k + v. Is k composite?
False
Suppose -m + 15 = 2*g - 2*m, -4*g + 27 = -m. Suppose 0 = -z - 4 + g. Suppose z*p = 46 + 22. Is p prime?
False
Suppose 1082 - 5550 = -4*p. Is p prime?
True
Let m(s) = 29*s**2 - 1. Let y be m(-3). Suppose c = k + 6*c - y, c + 284 = k. Suppose -4*r + 516 = -k. Is r prime?
True
Let k(u) = u**2 + 3*u + 2. Let j(r) = -r**3 + 6*r**2 - 2*r + 9. Let i be j(6). Let o be k(i). Suppose -a + 4306 = o*n, -n - 10765 = -6*n + 3*a. Is n prime?
True
Suppose -7*r + 46545 - 7940 = 0. Is r a composite number?
True
Let t = 262 + -1910. Let d = -137 - t. Is d a prime number?
True
Suppose -5*x + 5*z = -30, 2*x + z = -6 + 21. Suppose -x*f + 2*f + 1475 = 0. Is f a composite number?
True
Let o = -25 - -28. Let f(a) = -32*a**3 - 10*a**2 - a + 0 - o - 1 + 7. Is f(-4) composite?
True
Suppose 88492 = 4*o - 5*s, 5*s - 9*s = 0. Is o composite?
False
Let n be 10/3 + (-2)/6. Let q = 4 - n. Is q/6 + (-3586)/(-12) composite?
True
Let u be (-2)/(-3)*(-27)/(-6). Suppose u*d + d - 5*x - 124 = 0, 126 = 5*d + x. Is d a prime number?
False
Suppose 0 = -45*w + 2204933 + 255352. Is w prime?
True
Suppose 5*k + 24930 = 109255. Is k prime?
False
Suppose 3*t - 2011 - 4166 = 0. Suppose 5*a + 3*q = -0*a + t, q + 1241 = 3*a. Is a a composite number?
True
Suppose -29 + 76 = 3*m - 4*r, -2*m - 5*r = 7. Suppose 4*g = m*g - 1315. Is g composite?
False
Let k = -2261 + 3448. Suppose 4*x = 91 - k. Let t = 103 - x. Is t prime?
False
Let v(x) = 30*x**2 - 125*x + 48. Is v(37) prime?
True
Let r(v) = 2*v - 12. Let b be r(10). Let k be b + 2 + -2 + -3. Is ((-201)/k + 2)*-5 a composite number?
False
Let t(l) = 13*l**2 - 326*l - 42. Is t(43) composite?
True
Le